o*c. What is the greatest common divisor of 49 and c?
49
Suppose -14*o + 21*o = 12*o - 1120. What is the highest common divisor of 4984 and o?
56
Suppose 4*c + p + 235 = 1190, -5*p = 5*c - 1220. Calculate the highest common divisor of c and 123.
3
Let c be 17/7 - (-6 + 90/14). Suppose 0*y = 5*y + 4*m - 525, c*y = -5*m + 210. Calculate the highest common divisor of 135 and y.
15
Suppose 3*x + 2*c - 42 = 0, 25 + 26 = 4*x + c. Let f be ((-8)/(-14))/(12/28)*-12. Let o = f - -52. What is the greatest common divisor of x and o?
12
Let u(t) = -43*t + 124. Let d be u(3). Let i be ((-12)/10)/((-2)/20). Let k be (i - -3)*(-9)/d. What is the highest common divisor of 189 and k?
27
Let l = 2841 + -2659. What is the highest common divisor of 3588 and l?
26
Suppose -4*o = -3*j + 190, 0 = -j + o + 37 + 27. Suppose 8568 = -4218*g + 4575*g. Calculate the highest common divisor of j and g.
6
Let w(j) = -j**3 - 10*j**2 - 8*j + 31. Let q be w(-9). Let z be (-1)/3 - (-477)/(-27). Let n = q + z. Calculate the greatest common divisor of n and 32.
4
Let n(s) = -164*s - 27 + 13 + 21*s**2 + 133*s - s**3. Let a be n(19). Calculate the highest common factor of 7 and a.
7
Let t be 20552/84 + 115 + ((-1)/(-3) - 0). Calculate the greatest common divisor of t and 16680.
120
Let a(p) = -p**3 - 5*p**2 - 11*p - 12. Let l be a(-6). Let d = l - 72. What is the greatest common factor of d and 144?
18
Let l be (-6 + 4 - 5) + 23. Suppose 6*m + 60 = l*m. Calculate the highest common divisor of m and 38.
2
Let s be 4488/10 - -1 - (-8)/40. Suppose s = -15*w + 24*w. What is the greatest common divisor of w and 20?
10
Let w be 7 + 4*(-1)/2. Let p be 11 - 0 - (w + -3). Let a be (-1)/12*2 + 487/6. What is the highest common factor of a and p?
9
Let p = -4 - -12. Suppose -6 + 18 = 4*d. What is the highest common factor of p and d?
1
Let k = 166 + -144. Let r(m) = m - 6. Let w(a) = -5*a + 30. Let z(l) = 11*r(l) + 2*w(l). Let f be z(k). Calculate the highest common divisor of 112 and f.
16
Suppose 6*m = -23*m + 370 + 152. Suppose 1 = b - 3. Suppose -126 = 3*c - b*c. Calculate the greatest common divisor of c and m.
18
Let x(b) = -5*b - 40. Let d be x(-9). Suppose 5*f + 452 = 3*p, 0 = -d*f + 8 + 2. What is the greatest common factor of 44 and p?
22
Let o = -2 + 44. Let x(b) = -b**2 - 15*b + 37. Let j be x(-16). Calculate the highest common factor of j and o.
21
Let j(d) = -2*d**2 + 20*d - 14. Let n be j(9). Suppose -n*y - 321 = -5*m - 7*y, 0 = m - y - 69. Calculate the highest common factor of 110 and m.
22
Let b = -4738 - -4843. Calculate the highest common factor of b and 45.
15
Suppose -21*q + 3058 + 2822 = 0. What is the highest common divisor of q and 2440?
40
Suppose 28*a = -13*a + 8733. What is the highest common factor of a and 710?
71
Let z(s) = -6*s**2 + 57*s - 22. Let i be z(9). Let c be ((-102)/24)/(0 + i/(-200)). Calculate the highest common divisor of 102 and c.
34
Let p be 15/(-20) - ((-24858)/(-8) + 0). Let v be 1/8 - p/224. What is the highest common factor of v and 126?
14
Suppose -5*j + 114*c + 229 = 111*c, j - 55 = -4*c. Calculate the greatest common factor of 5 and j.
1
Let i be (-298)/(-10) - (-24)/120. Suppose -35*b = -i*b - 1805. What is the greatest common divisor of 19 and b?
19
Suppose 2*k = -0*k + 3*a + 101, 2*k + a - 81 = 0. Suppose -40*c - 330 = -k*c. Let s be 10 + (-4)/(7 - 3)*0. Calculate the highest common divisor of s and c.
10
Let o(t) = -t**3 - t**2 + 18*t - 5. Let z be o(-5). Suppose -5*c = -5 - z. Suppose 3*l - 11 = c*l. Calculate the greatest common factor of 11 and l.
11
Let z = 3 - -20. Let y = z + -11. Let d be 88 + 1 + -2 + -3. Calculate the greatest common factor of d and y.
12
Suppose -53 = -4*b + 131. What is the greatest common factor of b and 2875?
23
Let w = 638 + -232. Let x be (w/(-6) + 2)/((-4)/(-12)). Let o = -77 - x. What is the greatest common divisor of o and 15?
15
Suppose 10 = -3*c - w - 5, -2*w - 10 = c. Let y be 2 + -8 - (c + -461). What is the highest common factor of 51 and y?
51
Let p(q) = -3*q**2 - 111*q - 372. Let b be p(-33). Calculate the greatest common factor of 4464 and b.
24
Let q = 582 + -290. Let y = 432 - q. Calculate the highest common divisor of y and 84.
28
Suppose 2*j + 29*p = 30*p + 1072, -4739 = -9*j - 4*p. Suppose -i = -3*x + x + 234, 0 = -3*x - i + 356. Calculate the highest common divisor of x and j.
59
Suppose -3*i - 2*h = -75, -2*i + h + 3*h = -18. Calculate the highest common divisor of 1911 and i.
21
Let m = -77 + 117. Let h = -6 - -23. Let k = m - h. What is the greatest common divisor of k and 92?
23
Suppose 133*w - 7617 - 1693 = 0. What is the highest common factor of 11620 and w?
70
Let h be -8 + 2 + 9756 + -1. Suppose -28*x = -h - 5679. What is the highest common factor of 29 and x?
29
Let k be (-25)/(0 - 1)*578/170. Suppose 378 = 92*q - k*q. Calculate the highest common divisor of q and 54.
54
Suppose d - 3*n = 15, -4*d + 83 - 47 = -4*n. What is the highest common divisor of d and 1578?
6
Suppose g = 4*g + 5*y - 276, -3*y = -3*g + 300. Let f = g - 97. Suppose -4*l + 802 + 178 = f. Calculate the highest common factor of l and 35.
35
Suppose 431*c - 5976 = 425*c. Let g = c - 338. Calculate the highest common factor of g and 14.
14
Suppose 27*h = 821 + 286. Suppose 134 = 3*c + y, c - 2*c = 4*y - h. Calculate the greatest common divisor of 45 and c.
45
Let b(m) = 5*m**2 + 70*m + 134. Let a be b(-2). Let r be -1*1*-97 + 1. Suppose a = -3*g + r. Calculate the greatest common divisor of g and 42.
14
Let c(p) be the third derivative of -p**6/40 - 7*p**5/60 - 19*p**4/24 - 17*p**3/3 + 113*p**2. Let s be c(-5). Calculate the highest common factor of 9 and s.
9
Let v(f) = 2*f**2. Let q(l) = -6*l**2 - 33*l - 20. Let i(n) = -q(n) - 4*v(n). Let z be i(16). Calculate the highest common factor of z and 168.
12
Suppose 10*o - 188210 = -65*o + 17*o. Calculate the greatest common divisor of 55 and o.
55
Let y be (-4)/4 + (4 - -57). Suppose 0 = 2*x + 3*x - 25, -5*d + 10 = -x. Let i(u) = 12*u - 16. Let a be i(d). Calculate the highest common factor of y and a.
20
Let j = 7700 - 4687. Calculate the greatest common divisor of 23 and j.
23
Let r be (-63)/(-36) - (365/(-4) + 2). What is the highest common factor of r and 16926?
91
Suppose 149*h + h - 4106 = 694. Calculate the highest common factor of 1640 and h.
8
Let d be (-8)/12 + (-6)/(72/(-10))*578. What is the greatest common divisor of d and 7?
1
Suppose 5*y = 5, 5*j + 2*y = -y + 48. Let a be 11 - (10/(-8) + 1 - -185*(-108)/720). What is the highest common factor of j and a?
3
Let c be (-2)/26 + (940/(-6))/((-156)/18). Calculate the highest common divisor of c and 41418.
18
Let f(l) = l**2 + 9*l + 2. Suppose -6*o = -4*g - 3*o - 63, g = -o - 21. Let r be f(g). Calculate the greatest common divisor of r and 123.
41
Let z(c) = -20*c**2 + 4*c. Let j be z(-4). Let r = j + 380. Let k = 19 + -8. What is the greatest common divisor of k and r?
11
Suppose -j + m + 112 = 0, -29*j + 32*j - 2*m = 341. Calculate the highest common divisor of j and 507.
39
Let o be (27/(-108))/(1/(-2 + -10)). Let k be ((-44)/20 + o)/((-4)/(-20)). What is the highest common factor of k and 18?
2
Let k be -27 - (-6)/(-40)*4*-5. Let u = 16 + -29. Let h = u - k. Calculate the greatest common divisor of h and 33.
11
Let q = 136 + -180. Let i be (-4936)/q - (-18)/(-99). What is the highest common divisor of i and 14?
14
Let m(z) = 4*z**2 - 3*z - 123. Let y be m(-9). What is the greatest common divisor of 114 and y?
114
Let x be (-19015)/(-13) + 152/494. Calculate the highest common factor of x and 1232.
77
Let d be (-568)/(-8236) - (-1031470)/29. What is the highest common factor of d and 57?
57
Let h = 68 + -66. Let s(j) = j**3 + 9*j**2 - 53 + 4*j + 9*j + 0*j**h + 56. Let d be s(-7). What is the greatest common factor of 70 and d?
10
Let d(n) = 12 + 28*n + 13*n**2 + 11*n - 41*n - 3. Let g be d(-4). What is the greatest common divisor of g and 25?
25
Suppose -21*x = -7*x - 9*x - 560. Calculate the highest common factor of 3528 and x.
56
Let y = -11 + 21. Suppose -54 = -y*x - 8*x. What is the greatest common divisor of x and 93?
3
Suppose 4*f - 4*d = 104, 3*f - 5*d + 3 = 71. Let k = f - 22. Let v be (3 - 9/15)*(-10)/(-4). Calculate the greatest common divisor of k and v.
3
Suppose 2*l - g = g + 238, 111 